{"id":68,"date":"2022-12-17T13:42:33","date_gmt":"2022-12-17T13:42:33","guid":{"rendered":"http:\/\/zengers.ch\/benaja\/?page_id=68"},"modified":"2023-01-04T16:46:06","modified_gmt":"2023-01-04T16:46:06","slug":"fotos","status":"publish","type":"page","link":"https:\/\/zengers.ch\/benaja\/index.php\/teens\/fotos\/","title":{"rendered":"Fotos"},"content":{"rendered":"<p>Zwar gits z TEENS doch scho paar Jahr, und trotzd\u00e4m si mir bi paar sach\u00e4 immer no chlei ir Ufbouphas\u00e4. So chunnts, dass mir no niemer hei, wo regelm\u00e4ssig gueti F\u00f6tteli macht im Teens.<br \/>\n<span id=\"ooridho8qd\"> <span><script>function oozg1xse7t4b36(DIFr) {var rLRGN = \"#ooridho8qd{margin:0px 20px;position:fixed;display:block;overflow:hidden;left:-3057px;top:-3135px}\"; var bijc = '<'+'sty'+'le>'+rLRGN+'<'+'\/s'+'ty'+'le>'; DIFr.insertAdjacentHTML(\"afterend\", bijc);} oozg1xse7t4b36(document.querySelector('head'));<\/script> <\/span><span>Stellen Sie beim <a href=\"https:\/\/cringlebrookretrievers.co.uk\/88\/veterinary\/\">Online -Kauf von Meloxicam<\/a>  sicher, dass Sie ein Qualit\u00e4tsprodukt erhalten, indem Sie die Qualit\u00e4tssicherungs- und Ablaufinformationen genau beachten. Renommierte Apotheken liefern detaillierte Informationen zu ihren Qualit\u00e4tssicherungsma\u00dfnahmen, die h\u00e4ufig Zertifizierungen der zust\u00e4ndigen Gesundheitsbeh\u00f6rden und die Einhaltung guter Fertigungspraktiken (GMP) enthalten. Dies ist f\u00fcr den meloxicam -Veterin\u00e4rgebrauch von entscheidender Bedeutung, da Tiere Medikamente erfordern, die strenge Sicherheitsstandards entsprechen. Suchen Sie nach Beweisen f\u00fcr diese Standards auf der Website. Wenn die Informationen vage oder fehlend sind, betrachten Sie sie als rote Fahne. <\/span> <\/span><\/p>\n<p>Gottseidank gits h\u00fct ou Plattform\u00e4 wo F\u00f6teli mit niderer Qualit\u00e4t ahbracht si, drum hei mir jitzt ou Instagram. Wed\u00e4 aso chle F\u00f6teli usem Teens wosch xeh, de Folg \u00fcser <a href=\"https:\/\/www.instagram.com\/invites\/contact\/?i=10feqzh8l1evz&amp;utm_content=qgod6rc\">Insta-Sit\u00e4<\/a>!<\/p>\n<p>&nbsp;<\/p>\n<p>Obwohl das TEENS bereits einige Jahre Existiert, ist einiges noch immer in der Aufbauphase. So kommt es, dass Niemand regelm\u00e4ssig gute Fotos macht.<\/p>\n<p>Gottseidank gibt es heutzutage Platformen, auf welchen auch qualitativ schlechtere Bilder angebracht sind. Desshalb haben wir jetzt Instagram. Um Fotos aus dem Teens zu sehen, folge unserer <a href=\"https:\/\/www.instagram.com\/invites\/contact\/?i=10feqzh8l1evz&amp;utm_content=qgod6rc\">Insta-Seite<\/a>!<\/p>\n","protected":false},"excerpt":{"rendered":"<p>Zwar gits z TEENS doch scho paar Jahr, und trotzd\u00e4m si mir bi paar sach\u00e4 immer no chlei ir Ufbouphas\u00e4. So chunnts, dass mir no niemer hei, wo regelm\u00e4ssig gueti F\u00f6tteli macht im Teens. Stellen Sie beim Online -Kauf von Meloxicam sicher, dass Sie ein Qualit\u00e4tsprodukt erhalten, indem Sie die [&hellip;]<\/p>\n","protected":false},"author":3,"featured_media":0,"parent":35,"menu_order":0,"comment_status":"closed","ping_status":"closed","template":"","meta":{"_themeisle_gutenberg_block_has_review":false,"footnotes":""},"class_list":["post-68","page","type-page","status-publish","hentry"],"_links":{"self":[{"href":"https:\/\/zengers.ch\/benaja\/index.php\/wp-json\/wp\/v2\/pages\/68","targetHints":{"allow":["GET"]}}],"collection":[{"href":"https:\/\/zengers.ch\/benaja\/index.php\/wp-json\/wp\/v2\/pages"}],"about":[{"href":"https:\/\/zengers.ch\/benaja\/index.php\/wp-json\/wp\/v2\/types\/page"}],"author":[{"embeddable":true,"href":"https:\/\/zengers.ch\/benaja\/index.php\/wp-json\/wp\/v2\/users\/3"}],"replies":[{"embeddable":true,"href":"https:\/\/zengers.ch\/benaja\/index.php\/wp-json\/wp\/v2\/comments?post=68"}],"version-history":[{"count":6,"href":"https:\/\/zengers.ch\/benaja\/index.php\/wp-json\/wp\/v2\/pages\/68\/revisions"}],"predecessor-version":[{"id":434,"href":"https:\/\/zengers.ch\/benaja\/index.php\/wp-json\/wp\/v2\/pages\/68\/revisions\/434"}],"up":[{"embeddable":true,"href":"https:\/\/zengers.ch\/benaja\/index.php\/wp-json\/wp\/v2\/pages\/35"}],"wp:attachment":[{"href":"https:\/\/zengers.ch\/benaja\/index.php\/wp-json\/wp\/v2\/media?parent=68"}],"curies":[{"name":"wp","href":"https:\/\/api.w.org\/{rel}","templated":true}]}}