{"id":31,"date":"2022-12-17T13:26:19","date_gmt":"2022-12-17T13:26:19","guid":{"rendered":"http:\/\/zengers.ch\/benaja\/?page_id=31"},"modified":"2025-11-29T23:17:14","modified_gmt":"2025-11-29T23:17:14","slug":"jungschi","status":"publish","type":"page","link":"https:\/\/zengers.ch\/benaja\/index.php\/jungschi\/","title":{"rendered":"Jungschi"},"content":{"rendered":"<p><img loading=\"lazy\" decoding=\"async\" src=\"https:\/\/zengers.ch\/benaja\/wp-content\/uploads\/2025\/08\/IMG_8768-200x300.jpg\" alt=\"\" width=\"192\" height=\"289\" class=\" wp-image-682 alignleft\" srcset=\"https:\/\/zengers.ch\/benaja\/wp-content\/uploads\/2025\/08\/IMG_8768-200x300.jpg 200w, https:\/\/zengers.ch\/benaja\/wp-content\/uploads\/2025\/08\/IMG_8768-683x1024.jpg 683w, https:\/\/zengers.ch\/benaja\/wp-content\/uploads\/2025\/08\/IMG_8768-768x1152.jpg 768w, https:\/\/zengers.ch\/benaja\/wp-content\/uploads\/2025\/08\/IMG_8768-1024x1536.jpg 1024w, https:\/\/zengers.ch\/benaja\/wp-content\/uploads\/2025\/08\/IMG_8768-1365x2048.jpg 1365w, https:\/\/zengers.ch\/benaja\/wp-content\/uploads\/2025\/08\/IMG_8768-scaled.jpg 1707w\" sizes=\"auto, (max-width: 192px) 100vw, 192px\" \/><strong>Wilkomm\u00e4 ir Jungschi<\/strong><\/p>\n<p>Als jungs Team biet\u00e4 mir jed\u00e4 zw\u00f6it Samsti-Nami \u00e4s abw\u00e4chsligsrichs, kuhls Programm ah f\u00fcr Ching ab der 1.Klass. Wiu mer \u00fcberz\u00fcgt si dases aun\u00e4 guet tuet, si mir ir Jungschi meistens duss\u00e4.<\/p>\n<p>Aui wichtig\u00e4 Infos wi\u00e4 ou Kontaktahgabe fingsch ufem aktuell\u00e4 <a href=\"https:\/\/zengers.ch\/benaja\/index.php\/jungschi\/programm\/\">Programm<\/a>.<\/p>\n<p>Infos zum Pfingschtlager fingsch wed\u00e4 <a href=\"https:\/\/zengers.ch\/benaja\/index.php\/lager\/pfila\/\">DA<\/a> dr\u00fccksch!<\/p>\n<p>Infos zum Sommerlager fingsch wed\u00e4 <a href=\"https:\/\/zengers.ch\/benaja\/index.php\/lager\/sola\/\">HI\u00c4<\/a> dr\u00fccksch!<\/p>\n<p>&nbsp;<\/p>\n<p><span style=\"color: #993366;\">076 721 50 87 | jungschar-benaja@outlook.com<\/span><\/p>\n<p>&nbsp;<\/p>\n<p><img loading=\"lazy\" decoding=\"async\" src=\"https:\/\/zengers.ch\/benaja\/wp-content\/uploads\/2025\/08\/IMG_8954-300x200.jpg\" alt=\"\" width=\"333\" height=\"222\" class=\" wp-image-685 alignleft\" srcset=\"https:\/\/zengers.ch\/benaja\/wp-content\/uploads\/2025\/08\/IMG_8954-300x200.jpg 300w, https:\/\/zengers.ch\/benaja\/wp-content\/uploads\/2025\/08\/IMG_8954-1024x683.jpg 1024w, https:\/\/zengers.ch\/benaja\/wp-content\/uploads\/2025\/08\/IMG_8954-768x512.jpg 768w, https:\/\/zengers.ch\/benaja\/wp-content\/uploads\/2025\/08\/IMG_8954-1536x1024.jpg 1536w, https:\/\/zengers.ch\/benaja\/wp-content\/uploads\/2025\/08\/IMG_8954-2048x1365.jpg 2048w, https:\/\/zengers.ch\/benaja\/wp-content\/uploads\/2025\/08\/IMG_8954-360x240.jpg 360w\" sizes=\"auto, (max-width: 333px) 100vw, 333px\" \/><\/p>\n<p><strong>Willkommen in der Jungschi<\/strong><\/p>\n<p>Als junges Team bieten wir jeden zweiten Samstag abwechlungsreiche, coole Nachmittage an f\u00fcr Kinder ab der 1.Klasse. Weil wir \u00fcberzeugt sind, dass es allen gut tut, finden unsere Nachmittage meistens draussen statt.<\/p>\n<p>Alle wichtigen Infos wie auch Kontaktangaben sind dem aktuellen <a href=\"https:\/\/zengers.ch\/benaja\/index.php\/jungschi\/programm\/\">Programm<\/a> zu entnehmen.<\/p>\n","protected":false},"excerpt":{"rendered":"<p>Wilkomm\u00e4 ir Jungschi Als jungs Team biet\u00e4 mir jed\u00e4 zw\u00f6it Samsti-Nami \u00e4s abw\u00e4chsligsrichs, kuhls Programm ah f\u00fcr Ching ab der 1.Klass. Wiu mer \u00fcberz\u00fcgt si dases aun\u00e4 guet tuet, si mir ir Jungschi meistens duss\u00e4. Aui wichtig\u00e4 Infos wi\u00e4 ou Kontaktahgabe fingsch ufem aktuell\u00e4 Programm. Infos zum Pfingschtlager fingsch wed\u00e4 [&hellip;]<\/p>\n","protected":false},"author":3,"featured_media":0,"parent":0,"menu_order":0,"comment_status":"closed","ping_status":"closed","template":"","meta":{"_themeisle_gutenberg_block_has_review":false,"footnotes":""},"class_list":["post-31","page","type-page","status-publish","hentry"],"_links":{"self":[{"href":"https:\/\/zengers.ch\/benaja\/index.php\/wp-json\/wp\/v2\/pages\/31","targetHints":{"allow":["GET"]}}],"collection":[{"href":"https:\/\/zengers.ch\/benaja\/index.php\/wp-json\/wp\/v2\/pages"}],"about":[{"href":"https:\/\/zengers.ch\/benaja\/index.php\/wp-json\/wp\/v2\/types\/page"}],"author":[{"embeddable":true,"href":"https:\/\/zengers.ch\/benaja\/index.php\/wp-json\/wp\/v2\/users\/3"}],"replies":[{"embeddable":true,"href":"https:\/\/zengers.ch\/benaja\/index.php\/wp-json\/wp\/v2\/comments?post=31"}],"version-history":[{"count":23,"href":"https:\/\/zengers.ch\/benaja\/index.php\/wp-json\/wp\/v2\/pages\/31\/revisions"}],"predecessor-version":[{"id":778,"href":"https:\/\/zengers.ch\/benaja\/index.php\/wp-json\/wp\/v2\/pages\/31\/revisions\/778"}],"wp:attachment":[{"href":"https:\/\/zengers.ch\/benaja\/index.php\/wp-json\/wp\/v2\/media?parent=31"}],"curies":[{"name":"wp","href":"https:\/\/api.w.org\/{rel}","templated":true}]}}